{"id":1345,"date":"2022-09-19T07:59:18","date_gmt":"2022-09-19T07:59:18","guid":{"rendered":"http:\/\/www.kurzohr.de\/kurzohr\/?page_id=1345"},"modified":"2022-09-30T08:19:34","modified_gmt":"2022-09-30T08:19:34","slug":"datenschutzerklaerung","status":"publish","type":"page","link":"https:\/\/www.kurzohr.de\/kurzohr\/datenschutzerklaerung\/","title":{"rendered":"Datenschutzerkl\u00e4rung"},"content":{"rendered":"<div id=\"texter1\">\n<div id=\"whiter\">Allgemeine Hinwei\u00dfe<\/div>\n<p>Die folgenden Hinweise geben einen einfachen \u00dcberblick dar\u00fcber, was mit Ihren personenbezogenen Daten passiert, wenn Sie diese Website besuchen. Personenbezogene Daten sind alle Daten, mit denen Sie pers\u00f6nlich identifiziert werden k\u00f6nnen. Ausf\u00fchrliche Informationen zum Thema Datenschutz entnehmen Sie unserer unter diesem Text aufgef\u00fchrten Datenschutzerkl\u00e4rung.<\/p>\n<hr style=\"height: 1px; border-width: 0; color: #66fcf1; background-color: #66fcf1;\" \/>\n<div id=\"whiter\">Wer ist verantwortlich f\u00fcr die Datenerfassung auf dieser Website?<\/div>\n<p>Die Datenverarbeitung auf dieser Website erfolgt durch den Websitebetreiber. Dessen Kontaktdaten k\u00f6nnen Sie aus dem Impressum entnehmen. Email: kurzohr@kurzohr.de<\/p>\n<hr style=\"height: 1px; border-width: 0; color: #66fcf1; background-color: #66fcf1;\" \/>\n<div id=\"whiter\">Wie erfasse ich Ihre Daten?<\/div>\n<p>Ihre Daten werden dadurch erhoben, dass Sie mir diese mitteilen. Hierbei handelt es sich um Ihre Email Adresse, falls Sie Kontakt mit mir w\u00fcnschen. Andere Personenbezogenen Daten werden von mir nicht erfasst. Andere Daten werden automatisch beim Besuch der Website durch mein IT-System erfasst. Das sind vor allem technische Daten Internetbrowser, Betriebssystem und Uhrzeit des Seitenaufrufs. Die Erfassung dieser Daten erfolgt automatisch, sobald Sie diese Website betreten. Diese Webseite speichert keine Ip Adressen.<\/p>\n<hr style=\"height: 1px; border-width: 0; color: #66fcf1; background-color: #66fcf1;\" \/>\n<div id=\"whiter\">Wof\u00fcr nutzen ich Ihre Daten?<\/div>\n<p>Die technischen Daten werden erhoben, um eine fehlerfreie Bereitstellung der Website zu gew\u00e4hrleisten. Die Daten werden nicht zur Analyse Ihres Nutzerverhaltens verwendet.<\/p>\n<hr style=\"height: 1px; border-width: 0; color: #66fcf1; background-color: #66fcf1;\" \/>\n<div id=\"whiter\">Welche Rechte haben Sie bez\u00fcglich Ihrer Daten?<\/div>\n<p>Sie haben jederzeit das Recht, unentgeltlich Auskunft \u00fcber Herkunft, Empf\u00e4nger und Zweck Ihrer gespeicherten personenbezogenen Daten zu erhalten. Sie haben au\u00dferdem ein Recht, die Berichtigung oder L\u00f6schung dieser Daten zu verlangen. Au\u00dferdem haben Sie das Recht, unter bestimmten Umst\u00e4nden die Einschr\u00e4nkung der Verarbeitung Ihrer personenbezogenen Daten zu verlangen. Des Weiteren steht Ihnen ein Beschwerderecht bei der zust\u00e4ndigen Aufsichtsbeh\u00f6rde zu.<\/p>\n<hr style=\"height: 1px; border-width: 0; color: #66fcf1; background-color: #66fcf1;\" \/>\n<div id=\"whiter\">Analyse-Tools und Tools von Dritt\u00adanbietern<\/div>\n<p>Beim Besuch dieser Website wird Ihr Surf-Verhalten nicht statistisch ausgewertet. Ich verwende keine Analyseprogramme von Dritt\u00adanbietern. Auf dieser Seite wird kein Webtracking verwendet!<\/p>\n<hr style=\"height: 1px; border-width: 0; color: #66fcf1; background-color: #66fcf1;\" \/>\n<div id=\"whiter\">Datenschutz<\/div>\n<p>Der Betreiber dieser Seiten nimmt den Schutz Ihrer pers\u00f6nlichen Daten sehr ernst. Ich behandele Ihre personenbezogenen Daten vertraulich und entsprechend den gesetzlichen Datenschutzvorschriften sowie dieser Datenschutzerkl\u00e4rung.<br \/>\nIch weise darauf hin, dass die Daten\u00fcbertragung im Internet (z. B. bei der Kommunikation per E-Mail) Sicherheitsl\u00fccken aufweisen kann. Ein l\u00fcckenloser Schutz der Daten vor dem Zugriff durch Dritte ist nicht m\u00f6glich.<\/p>\n<hr style=\"height: 1px; border-width: 0; color: #66fcf1; background-color: #66fcf1;\" \/>\n<div id=\"whiter\">SSL- bzw. TLS-Verschl\u00fcsselung<\/div>\n<p>Diese Seite nutzt aus Sicherheitsgr\u00fcnden und zum Schutz der \u00dcbertragung vertraulicher Inhalte, wie zum Beispiel bei Anfragen, die Sie an mich als Seitenbetreiber senden, eine SSL- bzw. TLS-Verschl\u00fcsselung. Eine verschl\u00fcsselte Verbindung erkennen Sie daran, dass die Adresszeile des Browsers von \u201ehttp:\/\/\u201c auf \u201ehttps:\/\/\u201c wechselt und an dem Schloss-Symbol in Ihrer Browserzeile. Wenn die SSL- bzw. TLS-Verschl\u00fcsselung aktiviert ist, k\u00f6nnen die Daten, die Sie an mich \u00fcbermitteln, nicht von Dritten mitgelesen werden.<\/p>\n<hr style=\"height: 1px; border-width: 0; color: #66fcf1; background-color: #66fcf1;\" \/>\n<div id=\"whiter\">Beschwerde\u00adrecht bei der zust\u00e4ndigen Aufsichts\u00adbeh\u00f6rde<\/div>\n<p>Im Falle von Verst\u00f6\u00dfen gegen die DSGVO steht den Betroffenen ein Beschwerderecht bei einer Aufsichtsbeh\u00f6rde, insbesondere in dem Mitgliedstaat ihres gew\u00f6hnlichen Aufenthalts, ihres Arbeitsplatzes oder des Orts des mutma\u00dflichen Versto\u00dfes zu. Das Beschwerderecht besteht unbeschadet anderweitiger verwaltungsrechtlicher oder gerichtlicher Rechtsbehelfe.<\/p>\n<hr style=\"height: 1px; border-width: 0; color: #66fcf1; background-color: #66fcf1;\" \/>\n<div id=\"whiter\">Auskunft, L\u00f6schung und Berichtigung<\/div>\n<p>Sie haben im Rahmen der geltenden gesetzlichen Bestimmungen jederzeit das Recht auf unentgeltliche Auskunft \u00fcber Ihre gespeicherten personenbezogenen Daten, deren Herkunft und Empf\u00e4nger und den Zweck der Datenverarbeitung und ggf. ein Recht auf Berichtigung oder L\u00f6schung dieser Daten.<\/p>\n<hr style=\"height: 1px; border-width: 0; color: #66fcf1; background-color: #66fcf1;\" \/>\n<div id=\"whiter\">Cookies<\/div>\n<p>Diese Internet Seite verwendet keine Cookies.<\/p>\n<hr style=\"height: 1px; border-width: 0; color: #66fcf1; background-color: #66fcf1;\" \/>\n<div id=\"whiter\">Google Web Fonts<\/div>\n<p>Diese Seite nutzt zur einheitlichen Darstellung von Schriftarten so genannte Web Fonts, die von Google bereitgestellt werden. Die Google Web Fonts sind lokal auf diesem Server eingebunden d.h Ihre Ip Adresse wird nicht an Google \u00fcbermittelt!<\/p>\n<hr style=\"height: 1px; border-width: 0; color: #66fcf1; background-color: #66fcf1;\" \/>\n<div id=\"whiter\">Haftungsausschluss:<\/div>\n<p>ich \u00fcbernehme keinerlei Haftung \u00fcber Links die auf Kurzohr.de auf andere Webseiten verwei\u00dfen. Das gilt auch f\u00fcr den Inhalt der verlinkten Webseiten.<\/p>\n<hr style=\"height: 1px; border-width: 0; color: #66fcf1; background-color: #66fcf1;\" \/>\n<\/div>\n<div id=\"innernavigation\">\n<div id=\"inner1\"><a href=\"https:\/\/www.kurzohr.de\/kurzohr\/ipressum\/\">Impressum<\/a><\/div>\n<\/div>\n","protected":false},"excerpt":{"rendered":"<div class=\"mh-excerpt\"><p>Allgemeine Hinwei\u00dfe Die folgenden Hinweise geben einen einfachen \u00dcberblick dar\u00fcber, was mit Ihren personenbezogenen Daten passiert, wenn Sie diese Website besuchen. Personenbezogene Daten sind alle <a class=\"mh-excerpt-more\" href=\"https:\/\/www.kurzohr.de\/kurzohr\/datenschutzerklaerung\/\" title=\"Datenschutzerkl\u00e4rung\">[&#8230;]<\/a><\/p>\n<\/div>","protected":false},"author":1,"featured_media":0,"parent":0,"menu_order":0,"comment_status":"closed","ping_status":"closed","template":"","meta":[],"_links":{"self":[{"href":"https:\/\/www.kurzohr.de\/kurzohr\/wp-json\/wp\/v2\/pages\/1345"}],"collection":[{"href":"https:\/\/www.kurzohr.de\/kurzohr\/wp-json\/wp\/v2\/pages"}],"about":[{"href":"https:\/\/www.kurzohr.de\/kurzohr\/wp-json\/wp\/v2\/types\/page"}],"author":[{"embeddable":true,"href":"https:\/\/www.kurzohr.de\/kurzohr\/wp-json\/wp\/v2\/users\/1"}],"replies":[{"embeddable":true,"href":"https:\/\/www.kurzohr.de\/kurzohr\/wp-json\/wp\/v2\/comments?post=1345"}],"version-history":[{"count":49,"href":"https:\/\/www.kurzohr.de\/kurzohr\/wp-json\/wp\/v2\/pages\/1345\/revisions"}],"predecessor-version":[{"id":1465,"href":"https:\/\/www.kurzohr.de\/kurzohr\/wp-json\/wp\/v2\/pages\/1345\/revisions\/1465"}],"wp:attachment":[{"href":"https:\/\/www.kurzohr.de\/kurzohr\/wp-json\/wp\/v2\/media?parent=1345"}],"curies":[{"name":"wp","href":"https:\/\/api.w.org\/{rel}","templated":true}]}}