{"id":665,"date":"2022-02-16T12:09:09","date_gmt":"2022-02-16T12:09:09","guid":{"rendered":"http:\/\/www.kurzohr.de\/kurzohr\/?page_id=665"},"modified":"2024-04-05T11:14:00","modified_gmt":"2024-04-05T11:14:00","slug":"alte-news","status":"publish","type":"page","link":"https:\/\/www.kurzohr.de\/kurzohr\/alte-news\/","title":{"rendered":"Alte News"},"content":{"rendered":"<div id=\"texter1\">\n<div id=\"whiter\">News vom 15.10.23<\/div>\n<p>Zur Zeit gibt es wieder Animationen. Das SOS Kinderdorf hat ein paar Kinderzeichnungen geschickt und wollte wissen, ob man das animieren kann. Ich habe mich mal dran gemacht.<br \/>\n<a href=\"https:\/\/www.kurzohr.de\/kurzohr\/hidden\/sos-kinderdorf\/\">Hier gehts zum Projekt<\/a><\/p>\n<div id=\"whiter\">Ohren hoch<\/div>\n<p>Benjamin<\/p>\n<\/div>\n<hr style=\"height: 1px; border-width: 0; color: #66fcf1; background-color: #66fcf1;\" \/>\n<div id=\"texter1\">\n<div id=\"whiter\">News vom 15.10.23<\/div>\n<p>Bin den ganzen Oktober im Urlaub, werde hier ein paar Videos posten! Man muss ja immer in \u00dcbung bleiben!<\/p>\n<p><a href=\"https:\/\/www.kurzohr.de\/kurzohr\/hidden\/urlaublong\/\">Urlaub Florida 2023 <\/a><br \/>\n<a href=\"https:\/\/www.kurzohr.de\/kurzohr\/uncategorized\/floridateil2\/\">Urlaub Florida Teil2<\/a><\/p>\n<div id=\"whiter\">Ohren hoch<\/div>\n<p>Benjamin<\/p>\n<\/div>\n<hr style=\"height: 1px; border-width: 0; color: #66fcf1; background-color: #66fcf1;\" \/>\n<div id=\"texter1\">\n<div id=\"whiter\">News vom 22.9.23<\/div>\n<p>Nachdem ich nun alle Kollegen in der Agentur in Sachen KI f\u00fcr Designer ausgebildet habe und meine Ausbildung als Motion Designer abgeschlossen habe, plane ich nun eine Ausbildung in Manga Animmation, aber erst gehts mal in den Urlaub.<\/p>\n<div id=\"whiter\">Ohren hoch<\/div>\n<p>Benjamin\n<\/p><\/div>\n<div id=\"texter1\">\n<div id=\"whiter\">News vom 27.7.23<\/div>\n<p>Viel tut sich in der Medien Welt. Zur Zeit halte ich viele Workshops \u00fcber Ki und deren Umgang als Medien Designer<\/p>\n<p><a href=\"https:\/\/www.kurzohr.de\/kurzohr\/sonstiges\/\">Hier gehts zu de Workshops<\/a><\/p>\n<div id=\"whiter\">Ohren hoch<\/div>\n<p>Benjamin<\/p>\n<\/div>\n<div id=\"texter1\">\n<div id=\"whiter\">News vom 16.5.23<\/div>\n<p>Meine Abschlu\u00dfpr\u00fcfungs Aufgabe zum Motion Designer wurde heute eingereicht. Am Ende des Monats findet noch eine kleine Pr\u00fcfung statt, und dann habe ich den Schein in der Tasche.  Nebenbei mache ich noch einen KI Tools Workshop f\u00fcr Mediengestalter und Medien Designer. Es geht um n\u00fctzliche k\u00fcnstliche Intelligenzen die den Workflow in der Agentur optimieren sollen und auch um Fortbildung in diesem Bereich f\u00fcr die Kollegen.<\/p>\n<p><a href=\"https:\/\/www.kurzohr.de\/kurzohr\/hidden\/abschluss-arbeit-motion-design-kurs\/\">Abschlu\u00df Pr\u00fcfung Motion Designer<\/a><br \/>\n<a href=\"https:\/\/www.kurzohr.de\/kurzohr\/hidden\/kiworkshop\/\">KI Tools Workshop (gesicherter Bereich)<\/a><\/p>\n<div id=\"whiter\">Ohren hoch<\/div>\n<p>Benjamin<\/p>\n<\/div>\n<hr style=\"height: 1px; border-width: 0; color: #66fcf1; background-color: #66fcf1;\" \/>\n<div id=\"texter1\">\n<div id=\"whiter\">News vom 3.4.23<\/div>\n<p>Meine erste Abschlu\u00dfpr\u00fcfung zum Motion Designer habe ich sehr gut bestanden. Das hat mir richtig Spa\u00df gemacht, obwohl es auch sehr anstrengend war, so neben der Arbeit. Im zweiten Modul geht es haupts\u00e4chlich in den Bereich des Motion Graphic Design. Es ist eine Mischung aus Formen und Farben des klassischen Grafikdesigns, die mit einfachen Prinzipien der Animation gekoppelt sind.<\/p>\n<p><a href=\"https:\/\/www.kurzohr.de\/kurzohr\/hidden\/projekte-motion-designer\/\">Pr\u00fcfung 1 zum Motion Designer<\/a><\/p>\n<p>Ich sollte auch einen YouTube Kanal f\u00fcr die Projekte der Schule erstellen!<\/p>\n<p><a href=\"https:\/\/www.youtube.com\/@MotionDesignBerlin-tn3pj\">Motion Design Kanal auf You Tube<\/a><\/p>\n<div id=\"whiter\">Ohren hoch<\/div>\n<p>Benjamin<\/p>\n<\/div>\n<hr style=\"height: 1px; border-width: 0; color: #66fcf1; background-color: #66fcf1;\" \/>\n<div id=\"texter1\">\n<div id=\"whiter\">News vom 1.3.23<\/div>\n<p>Ich mache auf einer Uni eine Ausbildung zum Motion Designer. Nach meiner Ausbildung zum Medien Designer, blieb ich irgendwie bei Animationen h\u00e4ngen.Das macht mir sehr viel Spa\u00df. Ich kann die Ausbildung auch w\u00e4hren meiner Arbeitszeit machen sozusagen als Fortbildung. Das ist fantastisch.<\/p>\n<div id=\"whiter\">Passwort Protected enth\u00e4lt gesch\u00fctze Inhalte<\/div>\n<p><a href=\"https:\/\/www.kurzohr.de\/kurzohr\/hidden\/ausbildung-zum-motion-designer\/\">Ausbildung zum Motion Designer<\/a><\/p>\n<div id=\"whiter\">Meine Projekte der Uni k\u00f6nnen hier eingesehen werden (offen) <\/div>\n<p><a href=\"https:\/\/www.kurzohr.de\/kurzohr\/hidden\/projekte-motion-designer\/\">Projekte der Ausbildung<\/a><\/p>\n<div id=\"whiter\">Ohren hoch<\/div>\n<p>Benjamin<\/p>\n<\/div>\n<hr style=\"height: 1px; border-width: 0; color: #66fcf1; background-color: #66fcf1;\" \/>\n<div id=\"texter1\">\n<div id=\"whiter\">News vom 28.2.23<\/div>\n<p>Eine Kollegin von mir hat ein tolles Monster illustriert. Da meine Projekte fertig sind und ich morgen meine Ausbildung zum Motion Designer starte, hat meine Chefin gesagt ich soll mit dem Monster Quatsch machen. Voila der Kastenkopf<\/p>\n<p><a href=\"https:\/\/www.kurzohr.de\/kurzohr\/hidden\/der-kastenkopf\/\">der Kastenkopf<\/a><\/p>\n<div id=\"whiter\">Ohren hoch<\/div>\n<p>Benjamin\n<\/p><\/div>\n<hr style=\"height: 1px; border-width: 0; color: #66fcf1; background-color: #66fcf1;\" \/>\n<div id=\"texter1\">\n<div id=\"whiter\">News vom 21.2.23<\/div>\n<p>So nun habe ich endlich mal Zeit gehabt meinen YouTube Shorts Koch Kanal zu erstellen.<br \/>\nDie Videos zu erstellen macht echt Spa\u00df und ich lerne sehr viel dabei.<\/p>\n<p><a href=\"https:\/\/www.youtube.com\/@benjaminskitchen3865\/shorts\">Benjamin&#8217;s Kitchen You Tube Shorts<\/a><br \/>\n<a href=\" https:\/\/www.tiktok.com\/@benjaminskitchen\">Benjamin&#8217;s Kitchen Tik tok<\/a><\/p>\n<p><a href=\"https:\/\/www.kurzohr.de\/kurzohr\/hidden\/benjamins-kitchen\/ \">Konzept<\/a><\/p>\n<div id=\"whiter\">Ohren hoch<\/div>\n<p>Benjamin\n<\/p><\/div>\n<hr style=\"height: 1px; border-width: 0; color: #66fcf1; background-color: #66fcf1;\" \/>\n<div id=\"texter1\">\n<div id=\"whiter\">News vom 14.2.23<\/div>\n<p>Ein altes Projekt wurde endlich fertig gestellt. Der Film f\u00fcr die Frauengruppe ist nun endlich vom Tisch. Mithilfe einer Kollegin und meiner Chefin wurde dieses Projekt endlich beendet.<br \/>\nEs liegt ein merkw\u00fcrdiger Kundenwunsch vor. Ein sehr trashiges Sci-Fi Video. Da musste mein Chef an mich denken. Ich liebe Sci-Fi Trash mit schr\u00e4gen Animationen. Im M\u00e4rz beginnt meine Ausbildung zum Motion Designer. Anmeldung und Best\u00e4tigung liegen vor.<\/p>\n<p><a href=\"https:\/\/www.kurzohr.de\/kurzohr\/hidden\/sci-fi-trash\/\">Sci-Fi Trash<\/a><\/p>\n<div id=\"whiter\">Ohren hoch<\/div>\n<p>Benjamin<\/p>\n<\/div>\n<hr style=\"height: 1px; border-width: 0; color: #66fcf1; background-color: #66fcf1;\" \/>\n<div id=\"texter1\">\n<div id=\"whiter\">News vom 10.1.23<\/div>\n<p>Ein neues Jahr beginnt. Ein altes Projekt wird wieder aufgenommen, nimmt aber irgendwie keine Fahrt auf. Ich besch\u00e4ftige mich zur Zeit viel mit You Tube und Tik Tok Designs. Ich versuche gerade einen Koch Kanal auf You Tube Shorts zu erstellen. Das macht mir sehr viel Spa\u00df.<br \/>\n<a href=\" https:\/\/www.kurzohr.de\/kurzohr\/uncategorized\/benjamins-kitchen\/\">Konzept Benjamin&#8217;s Kitchen<\/a><\/p>\n<div id=\"whiter\">Ohren hoch<\/div>\n<p>Benjamin<\/p>\n<\/div>\n<hr style=\"height: 1px; border-width: 0; color: #66fcf1; background-color: #66fcf1;\" \/>\n<div id=\"texter1\">\n<div id=\"whiter\">News vom 14.12.22<\/div>\n<p>Sodele das Jahr n\u00e4chert sich dem Ende, bei uns ist morgen noch Weihnachtsfeier und dann ist Urlaub angesagt. Im neuen Jahr geht es weiter mit spannenden Projekten und einer Ausbildung zum Motion Designer.<br \/>\n<a href=\"https:\/\/www.kurzohr.de\/kurzohr\/portfolio\/weihnachtsgruss\/\">Frohe Weihnachten und einen guten Rutsch ins neue Jahr<\/a><\/p>\n<div id=\"whiter\">Ohren hoch<\/div>\n<p>Benjamin<\/p>\n<\/div>\n<hr style=\"height: 1px; border-width: 0; color: #66fcf1; background-color: #66fcf1;\" \/>\n<div id=\"texter1\">\n<div id=\"whiter\">News vom 29.9.22<\/div>\n<p>Nun habe ich alles \u00fcber Datenschutz und DSGVO Bestimmungen \u00fcber Webseiten gelernt. Es war etwas trocken, aber als Webentwickler sollte man dar\u00fcber bescheid wissen. Die Kurzohr Webseite entspricht nun der aktuellen DSGVO Norm.<\/p>\n<div id=\"whiter\">Ohren hoch<\/div>\n<p>Benjamin<\/p>\n<\/div>\n<hr style=\"height: 1px; border-width: 0; color: #66fcf1; background-color: #66fcf1;\" \/>\n<div id=\"texter1\">\n<div id=\"whiter\">News vom 12.9.22<\/div>\n<p>Zur Zeit besch\u00e4ftige ich mich viel mit DSGVO komformen Webseiten. Ich merke das ich bei meinen eigenen Webseiten noch viel zu tuen habe um diesen Standart gerecht zu werden. Sowas kann aber auch mal Spass machen. Ich baue auch gerade ein DSGVO komformes Cookie Plugin f\u00fcr WordPress. Nach dr\u00fccken des Zustimmen Buttons werden die Wp Cookies erst geladen und nicht beim Besuch der Webseite. Nebenbei arbeite ich noch am Projekt WfbM kann cool sein, wobei ich sehr viel lernen kann.<\/br><br \/>\n<a href=\"https:\/\/www.kurzohr.de\/kurzohr\/hidden\/wfbm-kann-cool-sein\/\">Hier gehts zum Projekt<\/a><br \/>\n<a href=\"https:\/\/www.kurzohr.de\/kurzohr\/wfbm-kann-cool-sein\/\">Hier gehts zur Webseite<\/a><\/p>\n<div id=\"whiter\">Ohren hoch<\/div>\n<p>Benjamin<\/p>\n<\/div>\n<hr style=\"height: 1px; border-width: 0; color: #66fcf1; background-color: #66fcf1;\" \/>\n<div id=\"texter1\">\n<div id=\"whiter\">News vom 12.9.22<\/div>\n<p>Das Projekt WfbM kann cool sein geht gut voran. Ein sehr sch\u00f6nes Projekt.<\/br><br \/>\n<a href=\"https:\/\/www.kurzohr.de\/kurzohr\/hidden\/wfbm-kann-cool-sein\/\">Hier gehts zum Projekt<\/a><br \/>\n<a href=\"https:\/\/www.kurzohr.de\/kurzohr\/wfbm-kann-cool-sein\/\">Hier gehts zur Webseite<\/a><\/p>\n<div id=\"whiter\">Ohren hoch<\/div>\n<p>Benjamin<\/p>\n<\/div>\n<hr style=\"height: 1px; border-width: 0; color: #66fcf1; background-color: #66fcf1;\" \/>\n<div id=\"texter1\">\n<div id=\"whiter\">News vom 29.8.22<\/div>\n<p>Im Ramen meiner Forbildung werde ich mich mal engagieren, damit es behinderte Menschen in Zukunft einfach besser haben. Daf\u00fcr habe ich mir ein nettes Projekt ausgedacht. WfbM kann cool sein.<\/br><br \/>\n<a href=\"https:\/\/www.kurzohr.de\/kurzohr\/hidden\/wfbm-kann-cool-sein\/ \">Hier gehts zum Projekt<\/a><br \/>\n<a href=\" https:\/\/www.kurzohr.de\/kurzohr\/uncategorized\/fortbildung-24-8-22\/\">Hier gehts zur Fortbildung<\/a><\/p>\n<div id=\"whiter\">Ohren hoch<\/div>\n<p>Benjamin<\/p>\n<\/div>\n<hr style=\"height: 1px; border-width: 0; color: #66fcf1; background-color: #66fcf1;\" \/>\n<div id=\"texter1\">\n<div id=\"whiter\">News vom 25.8.22<\/div>\n<p>Leider muste die kurzohr Seite gespert werden. Da gabs ein rechtliches Font Problem. Das wurde nun aber gel\u00f6st. Alles gut.<br \/>\nZur Zeit bin ich immer noch auf Fortbildung, was mir sehr viel Spa\u00df macht. Es gibt viel neues zu lernen!<br \/>\n<a href=\" https:\/\/www.kurzohr.de\/kurzohr\/hidden\/fortbildung\/ \">Hier gehts zur Fortbildung<\/a><\/p>\n<div id=\"whiter\">Ohren hoch<\/div>\n<p>Benjamin<\/p>\n<\/div>\n<hr style=\"height: 1px; border-width: 0; color: #66fcf1; background-color: #66fcf1;\" \/>\n<div id=\"texter1\">\n<div id=\"whiter\">News vom 19.8.22<\/div>\n<p>Die Fortbildung macht mir sehr viel Spass. Eine neue Methode f\u00fcr Kopfdrehungen ist mir eingefallen. Zwischendurch gabs nen Kundenauftrag f\u00fcr eine WordPress Webseite. Das war ein cooles Projekt. Danach habe ich mich an einen Dog Walk Cycle gemacht. Schwierig aber das wird schon.<\/br><br \/>\n<a href=\" https:\/\/www.kurzohr.de\/kurzohr\/hidden\/fortbildung\/ \">Hier gehts zur Fortbildung<\/a><\/br><\/p>\n<div id=\"whiter\">Ohren hoch<\/div>\n<p>Benjamin\n<\/p><\/div>\n<hr style=\"height: 1px; border-width: 0; color: #66fcf1; background-color: #66fcf1;\" \/>\n<div id=\"texter1\">\n<div id=\"whiter\">News vom 3.8.22<\/div>\n<p>Zur Zeit ist irgendwie ein Sommerloch, keine guten Ideen, keine guten Auftr\u00e4ge. Ich mach mal ein bischen Forbildung in Motion Design und Illustration. Da habe ich zur Zeit mehr Lust drauf.<br \/>\nImmer daran denken es ist nur eine Phase, lieber Hase !<\/br><br \/>\n<a href=\" https:\/\/www.kurzohr.de\/kurzohr\/hidden\/fortbildung\/ \">Hier gehts zur Fortbildung<\/a><\/br><\/p>\n<div id=\"whiter\">Ohren hoch<\/div>\n<p>Benjamin<\/p>\n<\/div>\n<hr style=\"height: 1px; border-width: 0; color: #66fcf1; background-color: #66fcf1;\" \/>\n<div id=\"texter1\">\n<div id=\"whiter\">News vom 1.8.2022 (Verschoben)<\/div>\n<p>Ich plane mal was anderes, eine Art Plattform in der auf die Probleme in einer WFBM hingewiesen wird. Haupts\u00e4chlich handelt es sich n\u00e4hmlich um politische und Gesetzes Probleme. Ich finde das Wfbms sich mal zusammenschlie\u00dfen sollten und diese Probleme mal angegangen werden sollten. Hierf\u00fcr werde ich ein Portal erstellen wo ein Austausch stattfinden soll. Es werden daf\u00fcr Charaktere erstellt mit denen man sich identifizieren kann. Es werden kleine Filme erstellt wo die Probleme angesprochen werden und L\u00f6sungen gezeigt werden. Das ganze soll nat\u00fcrlich auch ein wenig witzig sein.<br \/>\nHier gehts zur Projektplannung<\/br><br \/>\n<a href=\" https:\/\/www.kurzohr.de\/kurzohr\/hidden\/wfbm-kann-cool-sein\/\">Hier gehts zum Projekt<\/a><\/br><\/p>\n<div id=\"whiter\">Ohren hoch<\/div>\n<p>Benjamin<\/p>\n<\/div>\n<hr style=\"height: 1px; border-width: 0; color: #66fcf1; background-color: #66fcf1;\" \/>\n<div id=\"texter1\">\n<div id=\"whiter\">News vom 5.7.22<\/div>\n<p>Leider war ich lange krank Hexenschuss und Fu\u00df kaputt. Werde wieder mehr Gymnastik machen und habe mir ein Reha Kissen f\u00fcrs B\u00fcro besorgt. Seit Corona gibts es kaum mehr Sportangebote bei uns. Muss ich mich selber drum k\u00fcmmern. Das Projekt der Frauenbeauftragten geht gut vorran. Die Scripte f\u00fcr die Charactere haben einen wahren Evolutionsschub hinter sich. Sieht gut aus. Ich glaube bald ist ein finales Script f\u00fcr Charactere vorhanden. Die Kurzohr KI hat gute Fortschritte gemacht und kann auch gut f\u00fcr Animationen verwendet werden.<\/p>\n<div id=\"whiter\">Ohren hoch<\/div>\n<p>Benjamin<\/p>\n<\/div>\n<hr style=\"height: 1px; border-width: 0; color: #66fcf1; background-color: #66fcf1;\" \/>\n<div id=\"texter1\">\n<div id=\"whiter\">News vom 30.5.22<\/div>\n<p>Ich arbeite immer noch an dem Projekt einer Frauenbeauftragten Gruppe. Es gab aber auch zwischendurch sehr viele andere Auftr\u00e4ge die abgearbeitet worden sind. Die Animation geht sehr stark vor ran. In der Agentur gibt es in letzter Zeit zu viele St\u00f6rfaktoren, aber an einer L\u00f6sung wird gerade gearbeitet.<\/p>\n<div id=\"whiter\">Ohren hoch<\/div>\n<p>Benjamin<\/p>\n<\/div>\n<hr style=\"height: 1px; border-width: 0; color: #66fcf1; background-color: #66fcf1;\" \/>\n<div id=\"texter1\">\n<div id=\"whiter\">News vom 26.4.22<\/div>\n<p>Das Projekt unserer Frauenbeauftragten nimmt Form an. Artboard und Entw\u00fcrfe liegen vor. Das wird ein hartes St\u00fcck Arbeit, aber ich freue mich darauf unsere Frauenbeauftragten mit meinen Animationen zu unterst\u00fctzen. Sorry diese Projekt enth\u00e4lt interne Daten und muss daher aus Datenschutzgr\u00fcnden gesch\u00fctzt werden!<\/br><br \/>\n<a href=\" https:\/\/www.kurzohr.de\/kurzohr\/hidden\/gesundheitsfilm\/ \">Hier gehts zum Projekt<\/a><\/br><\/p>\n<p>Hier gibts aber einen Schnipsel dieses Projektes zu sehen<\/br><br \/>\n<a href=\"https:\/\/www.kurzohr.de\/kurzohr\/portfolio\/baby-animation\/\">Hier gehts zum Schnipsel<\/a><\/br><\/p>\n<div id=\"whiter\">Ohren hoch<\/div>\n<p>Benjamin<\/p>\n<\/div>\n<hr style=\"height: 1px; border-width: 0; color: #66fcf1; background-color: #66fcf1;\" \/>\n<div id=\"texter1\">\n<div id=\"whiter\">News vom 25.4.22<\/div>\n<p>Ich lerne zur Zeit Stop Motion Animation. Das ist ja eigentlich ganz einfach. Ich peppe die Bilder aber mit Animate, After Effekts und dem Character Animator auf. Hier gebe ich Tips wie man da am besten rangeht.<\/br><br \/>\n<a href=\"https:\/\/www.kurzohr.de\/kurzohr\/hidden\/stop-motion-animation\/\">Hier gehts zum Workshop<\/a><\/br><\/p>\n<div id=\"whiter\">Ohren hoch<\/div>\n<p>Benjamin<\/p>\n<\/div>\n<hr style=\"height: 1px; border-width: 0; color: #66fcf1; background-color: #66fcf1;\" \/>\n<div id=\"texter1\">\n<div id=\"whiter\">News vom 21.4.22<\/div>\n<p>Zur Zeit steht Fortbildung an. Blender und Adobe Audition. Das mag zwar ein langer Lernprozess sein, aber es lohnt sich.<br \/>\nIch besch\u00e4ftige mich auch zur Zeit auch mit Stop Motion Animationen und peppe die mit Adobe Produkten auf. Ein lustiger Spass. Hier habe ich einen Star Wars Schnipsel neu vertont um die Kollegen mal anzusporen die K\u00fcche in der Agentur sauber zu halten.<\/br><br \/>\n<a href=\"https:\/\/www.kurzohr.de\/kurzohr\/hidden\/darth-vader-kuechendiest-verweigerer\/\">Hier gehts zum Video<\/a><\/br><\/p>\n<div id=\"whiter\">Ohren hoch<\/div>\n<p>Benjamin<\/p>\n<\/div>\n<hr style=\"height: 1px; border-width: 0; color: #66fcf1; background-color: #66fcf1;\" \/>\n<div id=\"texter1\">\n<div id=\"whiter\">News vom 5.4.22<\/div>\n<p>Ein neuer Workshop ensteht. Die Kwik Kwak Show. Eine Kollegin von mir hat ein paar goldige Raben gefaltet., Ich soll diese mit Trickfilm Technik animieren. Ich soll auch ein Making of daf\u00fcr erstellen. Sonst gibts auch genug zu tuen in der Agentur.<\/br><br \/>\n<a href=\"https:\/\/www.kurzohr.de\/kurzohr\/hidden\/kwik-kwak-show\/\">Hier gehts zum Workshop<\/a><\/br><\/p>\n<div id=\"whiter\">Ohren hoch<\/div>\n<p>Benjamin<\/p>\n<\/div>\n<hr style=\"height: 1px; border-width: 0; color: #66fcf1; background-color: #66fcf1;\" \/>\n<div id=\"texter1\">\n<div id=\"whiter\">News vom 09.03.22<\/div>\n<p>Ich soll ein neues Maskotchen f\u00fcr unserere Frauengruppe erstellen. Sie soll sprechen k\u00f6nnen und alle menschlichen Bewegungen ausf\u00fchren k\u00f6nnen. Das schwierige dabei ist das die Puppe keinerlei geschlechtliche Merkmale haben soll. Dieser No Gender Wahn sozusagen. Eine nettes Projekt!<\/br><br \/>\n<a href=\"https:\/\/www.kurzohr.de\/kurzohr\/portfolio\/neuer-prototyp-fuer-eine-sprechende-puppe\/\">Hier gehts zur Puppe<\/a><\/br><\/p>\n<div id=\"whiter\">Ohren hoch<\/div>\n<p>Benjamin<\/p>\n<\/div>\n<hr style=\"height: 1px; border-width: 0; color: #66fcf1; background-color: #66fcf1;\" \/>\n<div id=\"texter1\">\n<div id=\"whiter\">News vom 18.02.22<\/div>\n<p>Kurzohr.de bekommt eine neue Animation im Home Bereich. Ich zeige auch wie man diese erstellt. Es handelt sich um einen Mini Workshop f\u00fcr fortgeschrittene Motion Designer. Am Wochenende plane ich eine Puppenanimation. Eine Kolleginn hat coole lustige Raben gebastelt. Ich werde daf\u00fcr ein Greenscreen Verfahren aus der Film Technik verwenden. Dazu gibts hier auch bald einen Workshop.<\/br><br \/>\n<a href=\"https:\/\/www.kurzohr.de\/kurzohr\/hidden\/neuefrontanimation\/\">Hier gehts zum Workshop neue Kurzohr Animation<\/a><\/br><\/p>\n<div id=\"whiter\">Ohren hoch<\/div>\n<p>Benjamin<\/p>\n<\/div>\n<hr style=\"height: 1px; border-width: 0; color: #66fcf1; background-color: #66fcf1;\" \/>\n<div id=\"texter1\">\n<div id=\"whiter\">News vom 15.02.22<\/div>\n<p>Kurzohr.de hat nun eine Email Adresse.<\/p>\n<div id=\"whiter\">kurzohr@kurzohr.de<\/div>\n<p>Viel Arbeit zur Zeit, aber ich habe Spa\u00df daran. Es gibt immer viel zu tun. Ich arbeite auch an einem Worpress Prototypen f\u00fcr einen Kunden. Das ist mal eine schr\u00e4ge Webseite.<\/br><br \/>\n<a href=\"https:\/\/www.kurzohr.de\/kurzohr\/others\/arvi-kg\/\">Hier gehts zum Prototyp<\/a><\/br><br \/>\nEs gibt auch eine neue Navigationsleiste im Home Bereich. Hier zeige ich meine Tumblr Blogs. Diese werden aber gerade noch designed. Ich finde Tumblr eignet sich gut um Bilder zu speichern. Die Microblogs kann man dann mit HTML, CSS und Javascript gestalten. Eine coole Sache um PLatz zu sparen. Sp\u00e4ter gibts vielleicht mal einen Workshop \u00fcber Tumblr.<\/p>\n<div id=\"whiter\">Ohren hoch<\/div>\n<p>Benjamin<\/p>\n<\/div>\n<hr style=\"height: 1px; border-width: 0; color: #66fcf1; background-color: #66fcf1;\" \/>\n<div id=\"texter1\">\n<div id=\"whiter\">News vom 09.02.22<\/div>\n<p>Ich plane einen neuen Workshop. Wie man eine total Responsive Landing Page erstellt, mit fortgeschrittenen HTML, CSS und Javascript. Es handelt sich um einen One Page Scroller, der keinerlei Frameworks wie Bootstrape oder \u00e4hnliches ben\u00f6tigt. Es wird auch kein Jquery eingesetzt sondern nur Vanilla Javascript. Es lohnt sich diese Techniken zu erlernen.<\/br><br \/>\n<a href=\"https:\/\/www.kurzohr.de\/kurzohr\/hidden\/wie-man-eine-responsive-landing-page-mit-html-css-und-javascript-ertellt\/\">Hier gehts zum Workshop Landing Page erstellen<\/a><\/br><br \/>\nKurzohr.de wird momentan umgestaltet, vorallem der Portfolio Bereich, freut euch auf ein neues Design. Kurzohr.de wird auch bald in allen Suchmaschinen verf\u00fcgbar sein. Ich plane auch gerade einen experimentellen Cookie Hinwei\u00df f\u00fcr Kurzohr.de. Mal schauen was da so raus kommt.<\/p>\n<div id=\"whiter\">Ohren hoch<\/div>\n<p>Benjamin<\/p>\n<\/div>\n<hr style=\"height: 1px; border-width: 0; color: #66fcf1; background-color: #66fcf1;\" \/>\n<div id=\"texter1\">\n<div id=\"whiter\">News vom 07.02.22<\/div>\n<p>So langsam nehmen meine After Effekts F\u00e4higkeiten Gestalt an. Ich glaube ich bin mit der Software bald durch.<br \/>\nZur Zeit besch\u00e4ftige ich mich auch viel mit Webanimation und wie man die am besten umsetzen kann. Dazu gibt es bald auch einen Workshop hier!<\/br><br \/>\n<a href=\"https:\/\/www.kurzohr.de\/kurzohr\/portfolio\/hud-effekt\/\">Hier ein netter Special Effekt der mit After Effekts gestaltet wurde<\/a><br \/>\n<a href=\"https:\/\/www.kurzohr.de\/kurzohr\/hidden\/ideen-zur-web-animation\/\">Hier gehts zum Workshop Webanimation<\/a><\/br><\/p>\n<div id=\"whiter\">Ohren hoch<\/div>\n<p>Benjamin<\/p>\n<\/div>\n<hr style=\"height: 1px; border-width: 0; color: #66fcf1; background-color: #66fcf1;\" \/>\n<div id=\"texter1\">\n<div id=\"whiter\">News vom 27.1.22<\/div>\n<p>Zur Zeit besch\u00e4ftige ich mich gerne mit Tensorflow.Js. Dar\u00fcber habe ich auch eine sch\u00f6ne Pr\u00e4sentation gehalten.<\/br><br \/>\n<a href=\"https:\/\/www.kurzohr.de\/kurzohr\/projects\/tensorflow\/index.html\">Tensorflow-Workshop<\/a><\/br><br \/>\nSonst macht mir meine Arbeit immer noch viel Spass. Zur Zeit mache ich ein cooles Maskotchen f\u00fcr meine Arbeitsstelle.<\/p>\n<div id=\"whiter\">Ohren hoch<\/div>\n<p>Benjamin<\/p>\n<\/div>\n<hr style=\"height: 1px; border-width: 0; color: #66fcf1; background-color: #66fcf1;\" \/>\n<div id=\"texter1\">\n<div id=\"whiter\">News vom 3.12.21<\/div>\n<p>Die Webseite ist immer noch Under Construction. Zur Zeit besch\u00e4ftige ich mich viel mit After Effects, das macht mir Spass. Bald ist Urlaub, dann habe ich auch wieder Zeit mich um Kurzohr zu k\u00fcmmern.<\/p>\n<div id=\"whiter\">Ohren hoch frohe Weichnachten<\/div>\n<p>Benjamin<\/p>\n<\/div>\n","protected":false},"excerpt":{"rendered":"<div class=\"mh-excerpt\"><p>News vom 15.10.23 Zur Zeit gibt es wieder Animationen. Das SOS Kinderdorf hat ein paar Kinderzeichnungen geschickt und wollte wissen, ob man das animieren kann. <a class=\"mh-excerpt-more\" href=\"https:\/\/www.kurzohr.de\/kurzohr\/alte-news\/\" title=\"Alte News\">[&#8230;]<\/a><\/p>\n<\/div>","protected":false},"author":1,"featured_media":0,"parent":0,"menu_order":0,"comment_status":"closed","ping_status":"closed","template":"","meta":[],"_links":{"self":[{"href":"https:\/\/www.kurzohr.de\/kurzohr\/wp-json\/wp\/v2\/pages\/665"}],"collection":[{"href":"https:\/\/www.kurzohr.de\/kurzohr\/wp-json\/wp\/v2\/pages"}],"about":[{"href":"https:\/\/www.kurzohr.de\/kurzohr\/wp-json\/wp\/v2\/types\/page"}],"author":[{"embeddable":true,"href":"https:\/\/www.kurzohr.de\/kurzohr\/wp-json\/wp\/v2\/users\/1"}],"replies":[{"embeddable":true,"href":"https:\/\/www.kurzohr.de\/kurzohr\/wp-json\/wp\/v2\/comments?post=665"}],"version-history":[{"count":62,"href":"https:\/\/www.kurzohr.de\/kurzohr\/wp-json\/wp\/v2\/pages\/665\/revisions"}],"predecessor-version":[{"id":3270,"href":"https:\/\/www.kurzohr.de\/kurzohr\/wp-json\/wp\/v2\/pages\/665\/revisions\/3270"}],"wp:attachment":[{"href":"https:\/\/www.kurzohr.de\/kurzohr\/wp-json\/wp\/v2\/media?parent=665"}],"curies":[{"name":"wp","href":"https:\/\/api.w.org\/{rel}","templated":true}]}}